{"id":16815,"date":"2022-12-09T22:19:31","date_gmt":"2022-12-09T21:19:31","guid":{"rendered":"https:\/\/www.gourmandisedeluxe.com\/?post_type=product&#038;p=16815"},"modified":"2026-04-22T13:39:41","modified_gmt":"2026-04-22T11:39:41","slug":"bellota-pata-negra-prosciutto-iberico-mdt","status":"publish","type":"product","link":"https:\/\/www.gourmandisedeluxe.com\/it\/jambon-iberique-pata-negra-de-bellota-mdt\/","title":{"rendered":"Prosciutto iberico Pata Negra de Bellota"},"content":{"rendered":"<p>Le Jambon Ib\u00e9rique Pata Negra de Bellota est l&#8217;un des plus grands jambons du monde \u2014 une affirmation que l&#8217;on peut faire sans craindre le d\u00e9bat. Issu de porcs de race ib\u00e9rique pure, \u00e9lev\u00e9s en libert\u00e9 dans les <em>dehesas<\/em> d&#8217;Estr\u00e9madure et d&#8217;Andalousie, nourris exclusivement de glands (<em>bellota<\/em>) pendant la montanera, ce jambon b\u00e9n\u00e9ficie de la classification maximale possible : 100% Ib\u00e9rico de Bellota.<\/p>\n<p>Les glands de ch\u00eanes-li\u00e8ges et de ch\u00eanes verts conf\u00e8rent au gras intramusculaire du porc une composition lipidique extraordinaire, riche en acide oleique, similaire \u00e0 celle de l&#8217;huile d&#8217;olive. Il en r\u00e9sulte une saveur qui s&#8217;infiltre dans chaque fibre musculaire : longue, fondante, aux notes de noisette, de champignon et de caramel \u00e0 peine br\u00fbl\u00e9. L&#8217;affinage de 36 \u00e0 48 mois parach\u00e8ve cette complexit\u00e9 aromatique unique.<\/p>\n<p>Pour r\u00e9v\u00e9ler toute sa saveur, il est recommand\u00e9 de le sortir du r\u00e9frig\u00e9rateur 20 minutes avant de le servir et de le laisser s&#8217;\u00e9taler l\u00e9g\u00e8rement dans l&#8217;assiette ti\u00e8de. Il se d\u00e9guste seul, avec du pain de campagne ou des gressins, accompagn\u00e9 d&#8217;un Fino de Jerez ou d&#8217;un Rioja Gran Reserva. Aucun autre assaisonnement n&#8217;est n\u00e9cessaire \u2014 ce jambon n&#8217;en a pas besoin.<\/p>\n<p>Contenu : 75g. \u00c0 conserver entre 0\u00b0C et +6\u00b0C. Consommer dans les trois jours apr\u00e8s ouverture.<\/p>","protected":false},"excerpt":{"rendered":"<p>Scoprite i sapori unici di questo prosciutto proveniente da maiali di razza iberica pura. Esalter\u00e0 tutti i suoi sapori lasciando raffreddare leggermente il piatto prima di disporvi le fette, accompagnate da pane o grissini.<\/p>\n<p><strong>Composizione: prosciutto iberico di Bellota, sale.<\/strong><\/p>\n<p><em>Conservazione: tra 0 \u00b0C e +6 \u00b0C.<\/em><\/p>\n<p><i>Quantit\u00e0: 75 g<br \/>\n<\/i><em>Prezzo al kg: 280 \u20ac<\/em><\/p>","protected":false},"featured_media":16816,"comment_status":"closed","ping_status":"closed","template":"","meta":[],"product_brand":[],"product_cat":[69,65],"product_tag":[],"class_list":{"0":"post-16815","1":"product","2":"type-product","3":"status-publish","4":"has-post-thumbnail","6":"product_cat-a-lapero","7":"product_cat-traiteur","9":"first","10":"instock","11":"taxable","12":"shipping-taxable","13":"purchasable","14":"product-type-simple"},"_links":{"self":[{"href":"https:\/\/www.gourmandisedeluxe.com\/it\/wp-json\/wp\/v2\/product\/16815","targetHints":{"allow":["GET"]}}],"collection":[{"href":"https:\/\/www.gourmandisedeluxe.com\/it\/wp-json\/wp\/v2\/product"}],"about":[{"href":"https:\/\/www.gourmandisedeluxe.com\/it\/wp-json\/wp\/v2\/types\/product"}],"replies":[{"embeddable":true,"href":"https:\/\/www.gourmandisedeluxe.com\/it\/wp-json\/wp\/v2\/comments?post=16815"}],"version-history":[{"count":0,"href":"https:\/\/www.gourmandisedeluxe.com\/it\/wp-json\/wp\/v2\/product\/16815\/revisions"}],"wp:featuredmedia":[{"embeddable":true,"href":"https:\/\/www.gourmandisedeluxe.com\/it\/wp-json\/wp\/v2\/media\/16816"}],"wp:attachment":[{"href":"https:\/\/www.gourmandisedeluxe.com\/it\/wp-json\/wp\/v2\/media?parent=16815"}],"wp:term":[{"taxonomy":"product_brand","embeddable":true,"href":"https:\/\/www.gourmandisedeluxe.com\/it\/wp-json\/wp\/v2\/product_brand?post=16815"},{"taxonomy":"product_cat","embeddable":true,"href":"https:\/\/www.gourmandisedeluxe.com\/it\/wp-json\/wp\/v2\/product_cat?post=16815"},{"taxonomy":"product_tag","embeddable":true,"href":"https:\/\/www.gourmandisedeluxe.com\/it\/wp-json\/wp\/v2\/product_tag?post=16815"}],"curies":[{"name":"wp","href":"https:\/\/api.w.org\/{rel}","templated":true}]}}

<p>Le Jambon Ibérique Pata Negra de Bellota est l&#8217;un des plus grands jambons du monde — une affirmation que l&#8217;on peut faire sans craindre le débat. Issu de porcs de race ibérique pure, élevés en liberté dans les <em>dehesas</em> d&#8217;Estrémadure et d&#8217;Andalousie, nourris exclusivement de glands (<em>bellota</em>) pendant la montanera, ce jambon bénéficie de la classification maximale possible : 100% Ibérico de Bellota.</p>
<p>Les glands de chênes-lièges et de chênes verts confèrent au gras intramusculaire du porc une composition lipidique extraordinaire, riche en acide oleique, similaire à celle de l&#8217;huile d&#8217;olive. Il en résulte une saveur qui s&#8217;infiltre dans chaque fibre musculaire : longue, fondante, aux notes de noisette, de champignon et de caramel à peine brûlé. L&#8217;affinage de 36 à 48 mois parachève cette complexité aromatique unique.</p>
<p>Pour révéler toute sa saveur, il est recommandé de le sortir du réfrigérateur 20 minutes avant de le servir et de le laisser s&#8217;étaler légèrement dans l&#8217;assiette tiède. Il se déguste seul, avec du pain de campagne ou des gressins, accompagné d&#8217;un Fino de Jerez ou d&#8217;un Rioja Gran Reserva. Aucun autre assaisonnement n&#8217;est nécessaire — ce jambon n&#8217;en a pas besoin.</p>
<p>Contenu : 75g. À conserver entre 0°C et +6°C. Consommer dans les trois jours après ouverture.</p>

<p>Scoprite i sapori unici di questo prosciutto proveniente da maiali di razza iberica pura. Esalterà tutti i suoi sapori lasciando raffreddare leggermente il piatto prima di disporvi le fette, accompagnate da pane o grissini.</p>
<p><strong>Composizione: prosciutto iberico di Bellota, sale.</strong></p>
<p><em>Conservazione: tra 0 °C e +6 °C.</em></p>
<p><i>Quantità: 75 g<br />
</i><em>Prezzo al kg: 280 €</em></p>
