{"id":9526,"date":"2020-11-05T19:46:23","date_gmt":"2020-11-05T18:46:23","guid":{"rendered":"https:\/\/www.miel-montet.com\/kaspia_new\/product\/reduction-de-vinaigre-balsamique-de-modena-aromatisee-a-la-truffe-noire-100ml\/"},"modified":"2026-04-22T13:53:38","modified_gmt":"2026-04-22T11:53:38","slug":"reduction-balsamique-modena-truffe-noire-100ml","status":"publish","type":"product","link":"https:\/\/www.gourmandisedeluxe.com\/es\/reduction-balsamique-modena-truffe-noire-100ml\/","title":{"rendered":"Reducci\u00f3n de vinagre bals\u00e1mico de M\u00f3dena"},"content":{"rendered":"<p>La R\u00e9duction de Vinaigre Balsamique de Modena est l&#8217;un des condiments de finition les plus \u00e9l\u00e9gants de la gamme Maison de la Truffe : une glace balsamique \u00e9labor\u00e9e \u00e0 partir de vinaigre balsamique de Modena \u00e0 66% \u2014 compos\u00e9 de mo\u00fbts de raisin concentr\u00e9s et de vinaigre de vin, \u00e0 acidit\u00e9 naturelle de 6% \u2014 puis r\u00e9duite jusqu&#8217;\u00e0 sa consistance sirupeuse caract\u00e9ristique. La touche de truffe noire s\u00e9ch\u00e9e <em>Tuber Melanosporum<\/em> apporte une dimension aromatique suppl\u00e9mentaire au caract\u00e8re d\u00e9j\u00e0 complexe du balsamique.<\/p>\n<p>La texture est nappante, dense, d&#8217;un brun acajou profond ; le go\u00fbt associe le sucr\u00e9 naturel des mo\u00fbts de raisin caramlis\u00e9s, l&#8217;acidit\u00e9 du vinaigre et le soupcon terr\u00e9 de la truffe. C&#8217;est un produit qui ne n\u00e9cessite aucune pr\u00e9paration \u2014 quelques gouttes trac\u00e9es au fond de l&#8217;assiette ou driz\u00e9 au moment du service suffisent \u00e0 tout transformer.<\/p>\n<p>Ses usages sont l\u00e9gion : filets sur une tranche de foie gras frais, sur un carpaccio de b\u0153uf, sur des fraises et framboises avec de la burrata, sur une pizza blanche aux figues et gorgonzola, sur un r\u00f4ti de veau tranch\u00e9, ou simplement sur une salade de roquette-parmesan. Il accompagne \u00e9galement les viandes froides, les fromages \u00e0 p\u00e2te dure et les pl ats chauds en finition de service.<\/p>\n<p>Conserver dans un endroit frais et sec. Apr\u00e8s ouverture, utiliser dans les deux mois.<\/p>","protected":false},"excerpt":{"rendered":"<p>Ideal para acompa\u00f1ar foie gras y carnes fr\u00edas o calientes. Perfecto para aderezar ensaladas.<\/p>\n<p><strong>Composici\u00f3n: Vinagre bals\u00e1mico de M\u00f3dena 66% (vinagre de vino, mosto de uva concentrado, colorante: caramelo E150d, acidez: 6%, contiene sulfitos), az\u00facar, almid\u00f3n de ma\u00edz, aroma, trufa negra seca 0,01% (Tuber Melanosporum Vitt.). Puede contener trazas o esporas del g\u00e9nero Tuber Spp).<\/strong><br \/>\n<em>Conservaci\u00f3n: Mantener en un lugar seco, protegido del calor y la luz.\u00a0<\/em><\/p>\n<p><em>Cantidad: 100 ml<br \/>\n<\/em><em>Precio por litro: 179 \u20ac<\/em><\/p>","protected":false},"featured_media":24989,"comment_status":"closed","ping_status":"closed","template":"","meta":[],"product_brand":[],"product_cat":[72],"product_tag":[],"class_list":{"0":"post-9526","1":"product","2":"type-product","3":"status-publish","4":"has-post-thumbnail","6":"product_cat-epicerie-fine","8":"first","9":"instock","10":"taxable","11":"shipping-taxable","12":"purchasable","13":"product-type-simple"},"_links":{"self":[{"href":"https:\/\/www.gourmandisedeluxe.com\/es\/wp-json\/wp\/v2\/product\/9526","targetHints":{"allow":["GET"]}}],"collection":[{"href":"https:\/\/www.gourmandisedeluxe.com\/es\/wp-json\/wp\/v2\/product"}],"about":[{"href":"https:\/\/www.gourmandisedeluxe.com\/es\/wp-json\/wp\/v2\/types\/product"}],"replies":[{"embeddable":true,"href":"https:\/\/www.gourmandisedeluxe.com\/es\/wp-json\/wp\/v2\/comments?post=9526"}],"version-history":[{"count":0,"href":"https:\/\/www.gourmandisedeluxe.com\/es\/wp-json\/wp\/v2\/product\/9526\/revisions"}],"wp:featuredmedia":[{"embeddable":true,"href":"https:\/\/www.gourmandisedeluxe.com\/es\/wp-json\/wp\/v2\/media\/24989"}],"wp:attachment":[{"href":"https:\/\/www.gourmandisedeluxe.com\/es\/wp-json\/wp\/v2\/media?parent=9526"}],"wp:term":[{"taxonomy":"product_brand","embeddable":true,"href":"https:\/\/www.gourmandisedeluxe.com\/es\/wp-json\/wp\/v2\/product_brand?post=9526"},{"taxonomy":"product_cat","embeddable":true,"href":"https:\/\/www.gourmandisedeluxe.com\/es\/wp-json\/wp\/v2\/product_cat?post=9526"},{"taxonomy":"product_tag","embeddable":true,"href":"https:\/\/www.gourmandisedeluxe.com\/es\/wp-json\/wp\/v2\/product_tag?post=9526"}],"curies":[{"name":"wp","href":"https:\/\/api.w.org\/{rel}","templated":true}]}}

Reducción de vinagre balsámico de Módena

<p>La Réduction de Vinaigre Balsamique de Modena est l&#8217;un des condiments de finition les plus élégants de la gamme Maison de la Truffe : une glace balsamique élaborée à partir de vinaigre balsamique de Modena à 66% — composé de moûts de raisin concentrés et de vinaigre de vin, à acidité naturelle de 6% — puis réduite jusqu&#8217;à sa consistance sirupeuse caractéristique. La touche de truffe noire séchée <em>Tuber Melanosporum</em> apporte une dimension aromatique supplémentaire au caractère déjà complexe du balsamique.</p>
<p>La texture est nappante, dense, d&#8217;un brun acajou profond ; le goût associe le sucré naturel des moûts de raisin caramlisés, l&#8217;acidité du vinaigre et le soupcon terré de la truffe. C&#8217;est un produit qui ne nécessite aucune préparation — quelques gouttes tracées au fond de l&#8217;assiette ou drizé au moment du service suffisent à tout transformer.</p>
<p>Ses usages sont légion : filets sur une tranche de foie gras frais, sur un carpaccio de bœuf, sur des fraises et framboises avec de la burrata, sur une pizza blanche aux figues et gorgonzola, sur un rôti de veau tranché, ou simplement sur une salade de roquette-parmesan. Il accompagne également les viandes froides, les fromages à pâte dure et les pl ats chauds en finition de service.</p>
<p>Conserver dans un endroit frais et sec. Après ouverture, utiliser dans les deux mois.</p>

<p>Ideal para acompañar foie gras y carnes frías o calientes. Perfecto para aderezar ensaladas.</p>
<p><strong>Composición: Vinagre balsámico de Módena 66% (vinagre de vino, mosto de uva concentrado, colorante: caramelo E150d, acidez: 6%, contiene sulfitos), azúcar, almidón de maíz, aroma, trufa negra seca 0,01% (Tuber Melanosporum Vitt.). Puede contener trazas o esporas del género Tuber Spp).</strong><br />
<em>Conservación: Mantener en un lugar seco, protegido del calor y la luz. </em></p>
<p><em>Cantidad: 100 ml<br />
</em><em>Precio por litro: 179 €</em></p>
