{"id":20380,"date":"2024-10-14T17:32:25","date_gmt":"2024-10-14T15:32:25","guid":{"rendered":"https:\/\/www.gourmandisedeluxe.com\/?post_type=product&#038;p=20380"},"modified":"2026-04-22T15:15:59","modified_gmt":"2026-04-22T13:15:59","slug":"melgaard-bufanda-fina-rosa","status":"publish","type":"product","link":"https:\/\/www.gourmandisedeluxe.com\/es\/melgaard-fine-scarf-pink\/","title":{"rendered":"Fular Melgaard Rosa"},"content":{"rendered":"<p><strong>Bjarne Melgaard<\/strong> es un artista noruego contempor\u00e1neo afincado en Nueva York, famoso por sus provocadoras obras y sus colaboraciones con importantes marcas de moda y lujo. La colaboraci\u00f3n Melgaard x Kaspia ha dado lugar a una l\u00ednea de ropa y accesorios en la que la iconograf\u00eda del artista interact\u00faa con los c\u00f3digos visuales de Kaspia.<\/p>\n<p>L\u2019<strong>\u00c9charpe Fine Melgaard Pink<\/strong> est le rose plein de la collection \u2014 plus affirm\u00e9 que le rose clair, plus joyeux que le blanc cass\u00e9. L&#8217;imprim\u00e9 Melgaard x Kaspia y d\u00e9ploie sa palette color\u00e9e avec un punch visuel imm\u00e9diat. M\u00eame format et m\u00eame mati\u00e8re fine et l\u00e9g\u00e8re que les autres \u00e9charpes de la collection. Propos\u00e9e \u00e0 <strong>250\u20ac<\/strong>.<\/p>\n<p>\u00c9dition limit\u00e9e. Pour celles qui assument la couleur et les collaborations d&#8217;auteur.<\/p>","protected":false},"excerpt":{"rendered":"<p>Tama\u00c3\u0192\u00c2\u00b1o: 80\u00c3\u0192\u00e2\u20ac\u201d80 cm<br \/>\nBordes con flecos<br \/>\nImpresi\u00f3n digital<\/p>\n<p>Esta pieza \u00fanica forma parte de una colecci\u00f3n c\u00e1psula que hemos creado en colaboraci\u00f3n con el artista noruego Bjarne Melgaard y Holzweiler. El\u00a0<strong>Bufanda fina Melgaard<\/strong>\u00a0Est\u00e1 confeccionado en seda con bordes con flecos y est\u00e1 estampado digitalmente con una obra de arte creada por Melgaard para esta colaboraci\u00f3n.<\/p>","protected":false},"featured_media":24630,"comment_status":"open","ping_status":"closed","template":"","meta":[],"product_brand":[],"product_cat":[182,185],"product_tag":[],"class_list":{"0":"post-20380","1":"product","2":"type-product","3":"status-publish","4":"has-post-thumbnail","6":"product_cat-collections","7":"product_cat-noel-2025","9":"first","10":"instock","11":"taxable","12":"shipping-taxable","13":"purchasable","14":"product-type-simple"},"_links":{"self":[{"href":"https:\/\/www.gourmandisedeluxe.com\/es\/wp-json\/wp\/v2\/product\/20380","targetHints":{"allow":["GET"]}}],"collection":[{"href":"https:\/\/www.gourmandisedeluxe.com\/es\/wp-json\/wp\/v2\/product"}],"about":[{"href":"https:\/\/www.gourmandisedeluxe.com\/es\/wp-json\/wp\/v2\/types\/product"}],"replies":[{"embeddable":true,"href":"https:\/\/www.gourmandisedeluxe.com\/es\/wp-json\/wp\/v2\/comments?post=20380"}],"version-history":[{"count":0,"href":"https:\/\/www.gourmandisedeluxe.com\/es\/wp-json\/wp\/v2\/product\/20380\/revisions"}],"wp:featuredmedia":[{"embeddable":true,"href":"https:\/\/www.gourmandisedeluxe.com\/es\/wp-json\/wp\/v2\/media\/24630"}],"wp:attachment":[{"href":"https:\/\/www.gourmandisedeluxe.com\/es\/wp-json\/wp\/v2\/media?parent=20380"}],"wp:term":[{"taxonomy":"product_brand","embeddable":true,"href":"https:\/\/www.gourmandisedeluxe.com\/es\/wp-json\/wp\/v2\/product_brand?post=20380"},{"taxonomy":"product_cat","embeddable":true,"href":"https:\/\/www.gourmandisedeluxe.com\/es\/wp-json\/wp\/v2\/product_cat?post=20380"},{"taxonomy":"product_tag","embeddable":true,"href":"https:\/\/www.gourmandisedeluxe.com\/es\/wp-json\/wp\/v2\/product_tag?post=20380"}],"curies":[{"name":"wp","href":"https:\/\/api.w.org\/{rel}","templated":true}]}}

<p><strong>Bjarne Melgaard</strong> es un artista noruego contemporáneo afincado en Nueva York, famoso por sus provocadoras obras y sus colaboraciones con importantes marcas de moda y lujo. La colaboración Melgaard x Kaspia ha dado lugar a una línea de ropa y accesorios en la que la iconografía del artista interactúa con los códigos visuales de Kaspia.</p>
<p>L’<strong>Écharpe Fine Melgaard Pink</strong> est le rose plein de la collection — plus affirmé que le rose clair, plus joyeux que le blanc cassé. L&#8217;imprimé Melgaard x Kaspia y déploie sa palette colorée avec un punch visuel immédiat. Même format et même matière fine et légère que les autres écharpes de la collection. Proposée à <strong>250€</strong>.</p>
<p>Édition limitée. Pour celles qui assument la couleur et les collaborations d&#8217;auteur.</p>

<p>TamaÃƒÂ±o: 80Ãƒâ€”80 cm<br />
Bordes con flecos<br />
Impresión digital</p>
<p>Esta pieza única forma parte de una colección cápsula que hemos creado en colaboración con el artista noruego Bjarne Melgaard y Holzweiler. El <strong>Bufanda fina Melgaard</strong> Está confeccionado en seda con bordes con flecos y está estampado digitalmente con una obra de arte creada por Melgaard para esta colaboración.</p>
