{"id":17268,"date":"2022-12-17T21:38:35","date_gmt":"2022-12-17T20:38:35","guid":{"rendered":"https:\/\/www.gourmandisedeluxe.com\/?post_type=product&#038;p=17268"},"modified":"2026-04-22T13:37:29","modified_gmt":"2026-04-22T11:37:29","slug":"mdt-trufa-tarama","status":"publish","type":"product","link":"https:\/\/www.gourmandisedeluxe.com\/es\/tarama-a-la-truffe-mdt\/","title":{"rendered":"Tarama con trufa"},"content":{"rendered":"<p>Le Tarama \u00e0 la Truffe est une interpr\u00e9tation gastronomique d&#8217;un grand classique de l&#8217;ap\u00e9ritif, \u00e9labor\u00e9 autour de la rencontre insolite et r\u00e9ussie entre les \u0153ufs de cabillaud fum\u00e9s et la Truffe d&#8217;\u00c9t\u00e9. Compos\u00e9 \u00e0 27% d&#8217;\u0153ufs de cabillaud fum\u00e9s et sal\u00e9s, li\u00e9s \u00e0 de l&#8217;huile de colza et aromatises \u00e0 l&#8217;aide de pr\u00e9parations \u00e0 base de brisures de truffes <em>Tub\u00e9rculo Aestivum<\/em> et de jus de truffe, il propose un profil gustatif d&#8217;une rare originalit\u00e9.<\/p>\n<p>La texture est soyeuse, onctueuse, l\u00e9g\u00e8rement a\u00e9r\u00e9e \u2014 celle d&#8217;un tarama de grande maison. Le go\u00fbt, iod\u00e9 et fum\u00e9, typique des \u0153ufs de cabillaud, se voit prolong\u00e9 par les notes terreuses et noisett\u00e9es de la truffe d&#8217;\u00e9t\u00e9, cr\u00e9ant un contraste maritime-forestier d&#8217;une sophistication remarquable. Il ne cherche pas \u00e0 s&#8217;excuser d&#8217;etre du tarama \u2014 il s&#8217;en r\u00e9jouit, magnifi\u00e9.<\/p>\n<p>Servi sur des blinis ti\u00e8des l\u00e9g\u00e8rement beurr\u00e9s, avec une cuiller\u00e9e de cr\u00e8me fraiche \u00e9paisse et quelques brins de ciboulette, il constitue l&#8217;ap\u00e9ritif id\u00e9al pour inaugurer un repas de f\u00eate. Il s&#8217;accommode \u00e9galement sur des toasts de pain de seigle, en accompagnement de verrines aux saumons grav lax, ou comme base d&#8217;une sauce nordique m\u00e9lang\u00e9 \u00e0 de la ricotta fraiche et un filet de citron vert.<\/p>\n<p>Contenu : 90g. \u00c0 conserver entre 0 et +4\u00b0C. Consommer dans les trois jours apr\u00e8s ouverture.<\/p>","protected":false},"excerpt":{"rendered":"<p>Este tarama es el resultado de la combinaci\u00f3n in\u00e9dita de los sabores de las huevas de bacalao y la trufa de verano. Para degustar como aperitivo sobre blinis templados.<\/p>\n<p>Composici\u00c3\u0192\u00c2\u00b3n: Aceite de colza, <strong>huevas de bacalao<\/strong> ahumados y salados 27% (<strong>huevas de bacalao<\/strong> 25%, sal), agua, preparaci\u00f3n a base de trozos de trufa [trozos de trufa 2.94% (<em>Tuber aestivum),<\/em> zumo de trufa 0,03% (<em>Tub\u00c3\u0192\u00c2\u00a9rculo aestivum<\/em>), sal)], pan rallado ( <strong>trigo<\/strong>, agua, sal, levadura), preparado culinario a base de aceite de oliva virgen extra y aroma de trufa negra (aceite de oliva, aroma), zumo de lim\u00f3n concentrado, conservante E211.<br \/>\n<i><\/i><\/p>\n<p><i>Conservaci\u00f3n: Entre 0 \u00b0C y +4 \u00b0C.<br \/>\n<\/i><em>Cantidad: 90 g<\/em><\/p>\n<p><em>Precio por kg: 100,00 \u20ac<\/em><\/p>","protected":false},"featured_media":17271,"comment_status":"open","ping_status":"closed","template":"","meta":[],"product_brand":[],"product_cat":[62,69],"product_tag":[],"class_list":{"0":"post-17268","1":"product","2":"type-product","3":"status-publish","4":"has-post-thumbnail","6":"product_cat-epicerie","7":"product_cat-a-lapero","9":"first","10":"instock","11":"taxable","12":"shipping-taxable","13":"purchasable","14":"product-type-simple"},"_links":{"self":[{"href":"https:\/\/www.gourmandisedeluxe.com\/es\/wp-json\/wp\/v2\/product\/17268","targetHints":{"allow":["GET"]}}],"collection":[{"href":"https:\/\/www.gourmandisedeluxe.com\/es\/wp-json\/wp\/v2\/product"}],"about":[{"href":"https:\/\/www.gourmandisedeluxe.com\/es\/wp-json\/wp\/v2\/types\/product"}],"replies":[{"embeddable":true,"href":"https:\/\/www.gourmandisedeluxe.com\/es\/wp-json\/wp\/v2\/comments?post=17268"}],"version-history":[{"count":0,"href":"https:\/\/www.gourmandisedeluxe.com\/es\/wp-json\/wp\/v2\/product\/17268\/revisions"}],"wp:featuredmedia":[{"embeddable":true,"href":"https:\/\/www.gourmandisedeluxe.com\/es\/wp-json\/wp\/v2\/media\/17271"}],"wp:attachment":[{"href":"https:\/\/www.gourmandisedeluxe.com\/es\/wp-json\/wp\/v2\/media?parent=17268"}],"wp:term":[{"taxonomy":"product_brand","embeddable":true,"href":"https:\/\/www.gourmandisedeluxe.com\/es\/wp-json\/wp\/v2\/product_brand?post=17268"},{"taxonomy":"product_cat","embeddable":true,"href":"https:\/\/www.gourmandisedeluxe.com\/es\/wp-json\/wp\/v2\/product_cat?post=17268"},{"taxonomy":"product_tag","embeddable":true,"href":"https:\/\/www.gourmandisedeluxe.com\/es\/wp-json\/wp\/v2\/product_tag?post=17268"}],"curies":[{"name":"wp","href":"https:\/\/api.w.org\/{rel}","templated":true}]}}

<p>Le Tarama à la Truffe est une interprétation gastronomique d&#8217;un grand classique de l&#8217;apéritif, élaboré autour de la rencontre insolite et réussie entre les œufs de cabillaud fumés et la Truffe d&#8217;Été. Composé à 27% d&#8217;œufs de cabillaud fumés et salés, liés à de l&#8217;huile de colza et aromatises à l&#8217;aide de préparations à base de brisures de truffes <em>Tubérculo Aestivum</em> et de jus de truffe, il propose un profil gustatif d&#8217;une rare originalité.</p>
<p>La texture est soyeuse, onctueuse, légèrement aérée — celle d&#8217;un tarama de grande maison. Le goût, iodé et fumé, typique des œufs de cabillaud, se voit prolongé par les notes terreuses et noisettées de la truffe d&#8217;été, créant un contraste maritime-forestier d&#8217;une sophistication remarquable. Il ne cherche pas à s&#8217;excuser d&#8217;etre du tarama — il s&#8217;en réjouit, magnifié.</p>
<p>Servi sur des blinis tièdes légèrement beurrés, avec une cuillerée de crème fraiche épaisse et quelques brins de ciboulette, il constitue l&#8217;apéritif idéal pour inaugurer un repas de fête. Il s&#8217;accommode également sur des toasts de pain de seigle, en accompagnement de verrines aux saumons grav lax, ou comme base d&#8217;une sauce nordique mélangé à de la ricotta fraiche et un filet de citron vert.</p>
<p>Contenu : 90g. À conserver entre 0 et +4°C. Consommer dans les trois jours après ouverture.</p>

<p>Este tarama es el resultado de la combinación inédita de los sabores de las huevas de bacalao y la trufa de verano. Para degustar como aperitivo sobre blinis templados.</p>
<p>ComposiciÃƒÂ³n: Aceite de colza, <strong>huevas de bacalao</strong> ahumados y salados 27% (<strong>huevas de bacalao</strong> 25%, sal), agua, preparación a base de trozos de trufa [trozos de trufa 2.94% (<em>Tuber aestivum),</em> zumo de trufa 0,03% (<em>TubÃƒÂ©rculo aestivum</em>), sal)], pan rallado ( <strong>trigo</strong>, agua, sal, levadura), preparado culinario a base de aceite de oliva virgen extra y aroma de trufa negra (aceite de oliva, aroma), zumo de limón concentrado, conservante E211.<br />
<i></i></p>
<p><i>Conservación: Entre 0 °C y +4 °C.<br />
</i><em>Cantidad: 90 g</em></p>
<p><em>Precio por kg: 100,00 €</em></p>
