{"id":11344,"date":"2020-11-14T21:15:13","date_gmt":"2020-11-14T20:15:13","guid":{"rendered":"https:\/\/www.miel-montet.com\/kaspia_new\/?post_type=product&#038;p=11344"},"modified":"2026-04-28T19:17:14","modified_gmt":"2026-04-28T17:17:14","slug":"crema-de-parmesano-trufada-dete","status":"publish","type":"product","link":"https:\/\/www.gourmandisedeluxe.com\/es\/creme-de-parmesan-truffe-dete\/","title":{"rendered":"Crema de parmesano y trufa de verano"},"content":{"rendered":"<p>La Cr\u00e8me de Parmesan \u00e0 la Truffe d&#8217;\u00c9t\u00e9 est un ingr\u00e9dient polyvalent d&#8217;une richesse aromatique consid\u00e9rable : une cr\u00e8me \u00e9labor\u00e9e \u00e0 partir de cr\u00e8me fraiche, de Parmigiano Reggiano DOP \u00e0 31% \u2014 le v\u00e9ritable parmesan \u00e0 appellation prot\u00e9g\u00e9e \u2014 de lait, de beurre et de truffe d&#8217;\u00e9t\u00e9 italienne <em>Tub\u00e9rculo Aestivum<\/em>. C&#8217;est la sauce qu&#8217;on soul haite avoir en permanence dans son r\u00e9frig\u00e9rateur.<\/p>\n<p>Le Parmigiano Reggiano apporte sa complexit\u00e9 cristalline, ses notes de bouillon, de noix et de caramel sal\u00e9 si caract\u00e9ristiques des fromages affin\u00e9s plus de 24 mois. La truffe d&#8217;\u00e9t\u00e9 lui conf\u00e8re une dimension bois\u00e9e et fongi\u00e8re suppl\u00e9mentaire, cr\u00e9ant une cr\u00e8me d&#8217;une profondeur remarquable pour un assaisonnement pr\u00eat \u00e0 l&#8217;emploi.<\/p>\n<p>Ses usages sont multiples : assaisonnement de p\u00e2tes fra\u00eeches, de gnocchi, de raviolis ou de tortellinis avec un simple r\u00e9chauffage \u00e0 la po\u00eale ; garniture onctu euse pour des cr\u00eapes sal\u00e9es ou des vol-au-vent ; fond de sauce pour un risotto rapide ; tartinable sur des toasts grilles \u00e0 l&#8217;ap\u00e9ritif ; base pour des omelettes garnies ou une quiche \u00e0 la courgette. Cette cr\u00e8me s&#8217;accommode autant chaude que froide.<\/p>\n<p>Conserver avant ouverture dans un endroit frais. Apr\u00e8s ouverture, r\u00e9frig\u00e9rer et consommer dans les 5 jours.<\/p>","protected":false},"excerpt":{"rendered":"<p>Sabrosa y delicada crema de parmesano, ideal para condimentar pasta, pasta al huevo, risotto, \u00f1oquis, raviolis, tortellinis y verduras.<br \/>\nExcelente para untar como aperitivo.<br \/>\nDeliciosa crema para rellenar crepes, volovanes y tortillas.<br \/>\nPara degustar caliente o fr\u00edo.<\/p>\n<p>Ingredientes y al\u00e9rgenos<br \/>\nNATA, Parmigiano Reggiano DOP (LECHE, sal, cuajo) 31%, LECHE, MANTEQUILLA, trufa italiana de verano (Tuber aestivum Vitt.) 2%, almid\u00f3n de ma\u00edz, aroma. SIN GLUTEN<\/p>\n<p>Precio por kg: 136,67 \u20ac<\/p>","protected":false},"featured_media":20982,"comment_status":"open","ping_status":"closed","template":"","meta":[],"product_brand":[],"product_cat":[72],"product_tag":[],"class_list":{"0":"post-11344","1":"product","2":"type-product","3":"status-publish","4":"has-post-thumbnail","6":"product_cat-epicerie-fine","8":"first","9":"instock","10":"taxable","11":"shipping-taxable","12":"purchasable","13":"product-type-simple"},"_links":{"self":[{"href":"https:\/\/www.gourmandisedeluxe.com\/es\/wp-json\/wp\/v2\/product\/11344","targetHints":{"allow":["GET"]}}],"collection":[{"href":"https:\/\/www.gourmandisedeluxe.com\/es\/wp-json\/wp\/v2\/product"}],"about":[{"href":"https:\/\/www.gourmandisedeluxe.com\/es\/wp-json\/wp\/v2\/types\/product"}],"replies":[{"embeddable":true,"href":"https:\/\/www.gourmandisedeluxe.com\/es\/wp-json\/wp\/v2\/comments?post=11344"}],"version-history":[{"count":0,"href":"https:\/\/www.gourmandisedeluxe.com\/es\/wp-json\/wp\/v2\/product\/11344\/revisions"}],"wp:featuredmedia":[{"embeddable":true,"href":"https:\/\/www.gourmandisedeluxe.com\/es\/wp-json\/wp\/v2\/media\/20982"}],"wp:attachment":[{"href":"https:\/\/www.gourmandisedeluxe.com\/es\/wp-json\/wp\/v2\/media?parent=11344"}],"wp:term":[{"taxonomy":"product_brand","embeddable":true,"href":"https:\/\/www.gourmandisedeluxe.com\/es\/wp-json\/wp\/v2\/product_brand?post=11344"},{"taxonomy":"product_cat","embeddable":true,"href":"https:\/\/www.gourmandisedeluxe.com\/es\/wp-json\/wp\/v2\/product_cat?post=11344"},{"taxonomy":"product_tag","embeddable":true,"href":"https:\/\/www.gourmandisedeluxe.com\/es\/wp-json\/wp\/v2\/product_tag?post=11344"}],"curies":[{"name":"wp","href":"https:\/\/api.w.org\/{rel}","templated":true}]}}

<p>La Crème de Parmesan à la Truffe d&#8217;Été est un ingrédient polyvalent d&#8217;une richesse aromatique considérable : une crème élaborée à partir de crème fraiche, de Parmigiano Reggiano DOP à 31% — le véritable parmesan à appellation protégée — de lait, de beurre et de truffe d&#8217;été italienne <em>Tubérculo Aestivum</em>. C&#8217;est la sauce qu&#8217;on soul haite avoir en permanence dans son réfrigérateur.</p>
<p>Le Parmigiano Reggiano apporte sa complexité cristalline, ses notes de bouillon, de noix et de caramel salé si caractéristiques des fromages affinés plus de 24 mois. La truffe d&#8217;été lui confère une dimension boisée et fongière supplémentaire, créant une crème d&#8217;une profondeur remarquable pour un assaisonnement prêt à l&#8217;emploi.</p>
<p>Ses usages sont multiples : assaisonnement de pâtes fraîches, de gnocchi, de raviolis ou de tortellinis avec un simple réchauffage à la poêle ; garniture onctu euse pour des crêpes salées ou des vol-au-vent ; fond de sauce pour un risotto rapide ; tartinable sur des toasts grilles à l&#8217;apéritif ; base pour des omelettes garnies ou une quiche à la courgette. Cette crème s&#8217;accommode autant chaude que froide.</p>
<p>Conserver avant ouverture dans un endroit frais. Après ouverture, réfrigérer et consommer dans les 5 jours.</p>

<p>Sabrosa y delicada crema de parmesano, ideal para condimentar pasta, pasta al huevo, risotto, ñoquis, raviolis, tortellinis y verduras.<br />
Excelente para untar como aperitivo.<br />
Deliciosa crema para rellenar crepes, volovanes y tortillas.<br />
Para degustar caliente o frío.</p>
<p>Ingredientes y alérgenos<br />
NATA, Parmigiano Reggiano DOP (LECHE, sal, cuajo) 31%, LECHE, MANTEQUILLA, trufa italiana de verano (Tuber aestivum Vitt.) 2%, almidón de maíz, aroma. SIN GLUTEN</p>
<p>Precio por kg: 136,67 €</p>
