{"id":23242,"date":"2025-07-28T12:08:07","date_gmt":"2025-07-28T10:08:07","guid":{"rendered":"https:\/\/www.gourmandisedeluxe.com\/?post_type=product&#038;p=23242"},"modified":"2026-04-22T14:37:26","modified_gmt":"2026-04-22T12:37:26","slug":"schmutziges-popcorn-schwarzer-truffel","status":"publish","type":"product","link":"https:\/\/www.gourmandisedeluxe.com\/de\/popcorn-truffe-noire-caramel\/","title":{"rendered":"S\u00fc\u00dfes Popcorn mit Geschmack von schwarzer Tr\u00fcffel und gesalzener Karamellbutter"},"content":{"rendered":"<p>Le popcorn a longtemps \u00e9t\u00e9 r\u00e9l\u00e9gu\u00e9 aux salles obscures et aux soir\u00e9es informelles. Ce <strong>Popcorn Sucr\u00e9 Saveur Truffe Noire et Caramel Beurre Sal\u00e9<\/strong> lui offre une reconversion gastronomique qu&#8217;il m\u00e9ritait amplement. La douceur du caramel au beurre sal\u00e9, l\u00e9g\u00e8rement brunit et profond, s&#8217;enroule autour de chaque grain souffl\u00e9 pour cr\u00e9er une base gourmande imm\u00e9diatement s\u00e9duisante.<\/p>\n<p>C&#8217;est alors que la <strong>Truffe Noire<\/strong> entre en jeu \u2014 discrte \u00e0 l&#8217;ouverture du sachet, puissante en bouche, persistante en fin de d\u00e9gustation. Ses notes terreuses et bois\u00e9es contrastent avec la douceur caramel\u00e9e dans un \u00e9quilibre sucr\u00e9-umami qui s&#8217;impose comme l&#8217;un des snacks les plus addictifs de notre s\u00e9lection. Disponible en format d\u00e9couverte et en format g\u00e9n\u00e9reux pour les grandes occasions.<\/p>\n<p>Parfait pour un ap\u00e9ritif d&#8217;exception, un cin\u00e9ma \u00e0 la maison revisit\u00e9, un coffret cadeau gourmand ou simplement comme r\u00e9compense personnelle en fin de journ\u00e9e. Il \u00e9pate invariablement les invit\u00e9s qui n&#8217;imaginent pas une seconde que le mot \u00ab truffe \u00bb et le mot \u00ab popcorn \u00bb puissent coexister dans la m\u00eame phrase \u2014 jusqu&#8217;au premier grain.<\/p>","protected":false},"excerpt":{"rendered":"<p>Gourmet-Popcorn mit einer k\u00f6stlichen Karamellglasur, verfeinert mit Fleur de Sel aus Gu\u00e9rande und dem Geschmack schwarzer Tr\u00fcffel.<\/p>\n<p>Nur die Essenz des Geschmacks und des Genusses!<br \/>\nEin Rezept ohne Zusatzstoffe und k\u00fcnstliche Farbstoffe.<\/p>\n<p>Franz\u00f6sische Handwerkskunst<\/p>\n<p>Zutaten: Blonder Rohrzucker*, Mais*(17%), Glukosesirup*, Butter*(11%), Sahne*, schwarzes Tr\u00fcffelpulver (1,2%), Fleur de Sel aus Gu\u00e9rande (1,2%), Natriumbikarbonat<br \/>\n(*) aus biologischem Anbau.<\/p>\n<p>An einem trockenen Ort aufbewahren.<\/p>\n<p>Nach dem \u00d6ffnen schnell verbrauchen.<\/p>\n<p>Hergestellt in Frankreich<\/p>\n<p>N\u00e4hrwertangaben pro 100 g: Energie: 1759 kJ (419 kcal), Fett: 12 g, davon ges\u00e4ttigte Fetts\u00e4uren: 7,3 g, Kohlenhydrate: 74 g, davon Zucker: 59 g, Eiwei\u00df: 2,1 g, Salz: 1,3 g<\/p>\n<p>&nbsp;<\/p>","protected":false},"featured_media":23764,"comment_status":"open","ping_status":"closed","template":"","meta":[],"product_brand":[],"product_cat":[76,109],"product_tag":[],"class_list":{"0":"post-23242","1":"product","2":"type-product","3":"status-publish","4":"has-post-thumbnail","6":"product_cat-douceurs-sucrees","7":"product_cat-produits-biologiques","9":"first","10":"instock","11":"taxable","12":"shipping-taxable","13":"purchasable","14":"product-type-variable","15":"has-default-attributes"},"_links":{"self":[{"href":"https:\/\/www.gourmandisedeluxe.com\/de\/wp-json\/wp\/v2\/product\/23242","targetHints":{"allow":["GET"]}}],"collection":[{"href":"https:\/\/www.gourmandisedeluxe.com\/de\/wp-json\/wp\/v2\/product"}],"about":[{"href":"https:\/\/www.gourmandisedeluxe.com\/de\/wp-json\/wp\/v2\/types\/product"}],"replies":[{"embeddable":true,"href":"https:\/\/www.gourmandisedeluxe.com\/de\/wp-json\/wp\/v2\/comments?post=23242"}],"version-history":[{"count":0,"href":"https:\/\/www.gourmandisedeluxe.com\/de\/wp-json\/wp\/v2\/product\/23242\/revisions"}],"wp:featuredmedia":[{"embeddable":true,"href":"https:\/\/www.gourmandisedeluxe.com\/de\/wp-json\/wp\/v2\/media\/23764"}],"wp:attachment":[{"href":"https:\/\/www.gourmandisedeluxe.com\/de\/wp-json\/wp\/v2\/media?parent=23242"}],"wp:term":[{"taxonomy":"product_brand","embeddable":true,"href":"https:\/\/www.gourmandisedeluxe.com\/de\/wp-json\/wp\/v2\/product_brand?post=23242"},{"taxonomy":"product_cat","embeddable":true,"href":"https:\/\/www.gourmandisedeluxe.com\/de\/wp-json\/wp\/v2\/product_cat?post=23242"},{"taxonomy":"product_tag","embeddable":true,"href":"https:\/\/www.gourmandisedeluxe.com\/de\/wp-json\/wp\/v2\/product_tag?post=23242"}],"curies":[{"name":"wp","href":"https:\/\/api.w.org\/{rel}","templated":true}]}}

Süßes Popcorn mit Geschmack von schwarzer Trüffel und gesalzener Karamellbutter

<p>Le popcorn a longtemps été rélégué aux salles obscures et aux soirées informelles. Ce <strong>Popcorn Sucré Saveur Truffe Noire et Caramel Beurre Salé</strong> lui offre une reconversion gastronomique qu&#8217;il méritait amplement. La douceur du caramel au beurre salé, légèrement brunit et profond, s&#8217;enroule autour de chaque grain soufflé pour créer une base gourmande immédiatement séduisante.</p>
<p>C&#8217;est alors que la <strong>Truffe Noire</strong> entre en jeu — discrte à l&#8217;ouverture du sachet, puissante en bouche, persistante en fin de dégustation. Ses notes terreuses et boisées contrastent avec la douceur caramelée dans un équilibre sucré-umami qui s&#8217;impose comme l&#8217;un des snacks les plus addictifs de notre sélection. Disponible en format découverte et en format généreux pour les grandes occasions.</p>
<p>Parfait pour un apéritif d&#8217;exception, un cinéma à la maison revisité, un coffret cadeau gourmand ou simplement comme récompense personnelle en fin de journée. Il épate invariablement les invités qui n&#8217;imaginent pas une seconde que le mot « truffe » et le mot « popcorn » puissent coexister dans la même phrase — jusqu&#8217;au premier grain.</p>

<p>Gourmet-Popcorn mit einer köstlichen Karamellglasur, verfeinert mit Fleur de Sel aus Guérande und dem Geschmack schwarzer Trüffel.</p>
<p>Nur die Essenz des Geschmacks und des Genusses!<br />
Ein Rezept ohne Zusatzstoffe und künstliche Farbstoffe.</p>
<p>Französische Handwerkskunst</p>
<p>Zutaten: Blonder Rohrzucker*, Mais*(17%), Glukosesirup*, Butter*(11%), Sahne*, schwarzes Trüffelpulver (1,2%), Fleur de Sel aus Guérande (1,2%), Natriumbikarbonat<br />
(*) aus biologischem Anbau.</p>
<p>An einem trockenen Ort aufbewahren.</p>
<p>Nach dem Öffnen schnell verbrauchen.</p>
<p>Hergestellt in Frankreich</p>
<p>Nährwertangaben pro 100 g: Energie: 1759 kJ (419 kcal), Fett: 12 g, davon gesättigte Fettsäuren: 7,3 g, Kohlenhydrate: 74 g, davon Zucker: 59 g, Eiweiß: 2,1 g, Salz: 1,3 g</p>
<p>&nbsp;</p>
