{"id":15125,"date":"2022-04-08T17:55:42","date_gmt":"2022-04-08T15:55:42","guid":{"rendered":"https:\/\/www.gourmandisedeluxe.com\/?post_type=product&#038;p=15125"},"modified":"2026-04-22T15:21:53","modified_gmt":"2026-04-22T13:21:53","slug":"kartoffelpuree-mit-truffelgeschmack","status":"publish","type":"product","link":"https:\/\/www.gourmandisedeluxe.com\/de\/ecrase-de-pommes-de-terre-saveur-truffe\/","title":{"rendered":"Kartoffelp\u00fcree mit Tr\u00fcffelgeschmack"},"content":{"rendered":"<p>L&#8217;\u00e9cras\u00e9 de pommes de terre est l&#8217;un des grands classiques de la gastronomie fran\u00e7aise de bistrot \u00e9lev\u00e9 au rang de plat gastronomique \u2014 et l&#8217;accord pomme de terre-truffe est l&#8217;un des accords les plus c\u00e9l\u00e9br\u00e9s de la table Kaspia. Cet <strong>\u00c9cras\u00e9 de Pommes de Terre Saveur Truffe<\/strong> propose ce grand classique en version pr\u00eate \u00e0 r\u00e9chauffer : une pr\u00e9paration onctueuse, riche et parfum\u00e9e, qui reproduit fid\u00e8lement le r\u00e9sultat d&#8217;une recette maison travaill\u00e9e.<\/p>\n<p>La saveur truffe, pr\u00e9sente \u00e0 chaque cuiller\u00e9e, \u00e9l\u00e8ve la simplicit\u00e9 rassurante de la pomme de terre en quelque chose de franchement gastronomique. Parfait en accompagnement d&#8217;une viande r\u00f4tie, d&#8217;un poisson po\u00ebl\u00e9 ou d&#8217;une noix de saint-jacques. Propos\u00e9 \u00e0 <strong>13,90\u20ac<\/strong>, c&#8217;est l&#8217;un des meilleurs rapports plaisir-prix de la gamme traiteur truff\u00e9e.<\/p>","protected":false},"excerpt":{"rendered":"<p style=\"font-weight: 400\">Dieser cremige Kartoffelbrei mit Tr\u00fcffelgeschmack kann pur oder zu Ihren Lieblingsgerichten genossen werden.<br \/>\nFertiggericht in einer Schale zum Erw\u00e4rmen im Wasserbad oder in der Mikrowelle.<\/p>\n<p style=\"font-weight: 400\">2 Portionen \u00c3\u0192\u00c2\u00a0 175 g (2 Personen)<\/p>\n<p style=\"font-weight: 400\">Entweder Nettogewicht 350g<\/p>\n<p>Preis pro kg: 39,71 \u20ac<\/p>\n<p style=\"font-weight: 400\"><strong>Aufbewahrung:<\/strong>\u00a0zwischen 0 \u00b0C und 4 \u00b0C \u2013 Lagerung nach dem \u00d6ffnen: 1 Tag zwischen 0 \u00b0C und 4 \u00b0C<\/p>\n<p style=\"font-weight: 400\"><strong>Zutaten: <\/strong>Kartoffeln 68%, Wasser, kulinarische Zubereitung auf Basis von nativem Oliven\u00f6l extra, aromatisiert mit schwarzem Tr\u00fcffel 7,5%, Oliven\u00f6l, Kartoffelflocken 5,1% (Kartoffeln, Emulgator: Monostearin, Gew\u00fcrze), Sommertr\u00fcffelst\u00fcckchen 2%, Sommertr\u00fcffelsaft (Tuber aestivum), Salz, wei\u00dfer Pfeffer, Kurkuma,<\/p>\n<p style=\"font-weight: 400\"><strong>Kann Spuren von Gluten, Milch, Ei, Fisch, Krustentieren, Weichtieren, Sellerie, Soja, Senf, Schalenfr\u00fcchten, Sesam und Erdn\u00fcssen enthalten.<\/strong><\/p>\n<p style=\"font-weight: 400\">","protected":false},"featured_media":16786,"comment_status":"open","ping_status":"closed","template":"","meta":[],"product_brand":[],"product_cat":[65,108],"product_tag":[],"class_list":{"0":"post-15125","1":"product","2":"type-product","3":"status-publish","4":"has-post-thumbnail","6":"product_cat-traiteur","7":"product_cat-produits-de-saison","9":"first","10":"instock","11":"taxable","12":"shipping-taxable","13":"purchasable","14":"product-type-simple"},"_links":{"self":[{"href":"https:\/\/www.gourmandisedeluxe.com\/de\/wp-json\/wp\/v2\/product\/15125","targetHints":{"allow":["GET"]}}],"collection":[{"href":"https:\/\/www.gourmandisedeluxe.com\/de\/wp-json\/wp\/v2\/product"}],"about":[{"href":"https:\/\/www.gourmandisedeluxe.com\/de\/wp-json\/wp\/v2\/types\/product"}],"replies":[{"embeddable":true,"href":"https:\/\/www.gourmandisedeluxe.com\/de\/wp-json\/wp\/v2\/comments?post=15125"}],"version-history":[{"count":0,"href":"https:\/\/www.gourmandisedeluxe.com\/de\/wp-json\/wp\/v2\/product\/15125\/revisions"}],"wp:featuredmedia":[{"embeddable":true,"href":"https:\/\/www.gourmandisedeluxe.com\/de\/wp-json\/wp\/v2\/media\/16786"}],"wp:attachment":[{"href":"https:\/\/www.gourmandisedeluxe.com\/de\/wp-json\/wp\/v2\/media?parent=15125"}],"wp:term":[{"taxonomy":"product_brand","embeddable":true,"href":"https:\/\/www.gourmandisedeluxe.com\/de\/wp-json\/wp\/v2\/product_brand?post=15125"},{"taxonomy":"product_cat","embeddable":true,"href":"https:\/\/www.gourmandisedeluxe.com\/de\/wp-json\/wp\/v2\/product_cat?post=15125"},{"taxonomy":"product_tag","embeddable":true,"href":"https:\/\/www.gourmandisedeluxe.com\/de\/wp-json\/wp\/v2\/product_tag?post=15125"}],"curies":[{"name":"wp","href":"https:\/\/api.w.org\/{rel}","templated":true}]}}

Kartoffelpüree mit Trüffelgeschmack

<p>L&#8217;écrasé de pommes de terre est l&#8217;un des grands classiques de la gastronomie française de bistrot élevé au rang de plat gastronomique — et l&#8217;accord pomme de terre-truffe est l&#8217;un des accords les plus célébrés de la table Kaspia. Cet <strong>Écrasé de Pommes de Terre Saveur Truffe</strong> propose ce grand classique en version prête à réchauffer : une préparation onctueuse, riche et parfumée, qui reproduit fidèlement le résultat d&#8217;une recette maison travaillée.</p>
<p>La saveur truffe, présente à chaque cuillerée, élève la simplicité rassurante de la pomme de terre en quelque chose de franchement gastronomique. Parfait en accompagnement d&#8217;une viande rôtie, d&#8217;un poisson poëlé ou d&#8217;une noix de saint-jacques. Proposé à <strong>13,90€</strong>, c&#8217;est l&#8217;un des meilleurs rapports plaisir-prix de la gamme traiteur truffée.</p>

<p style="font-weight: 400">Dieser cremige Kartoffelbrei mit Trüffelgeschmack kann pur oder zu Ihren Lieblingsgerichten genossen werden.<br />
Fertiggericht in einer Schale zum Erwärmen im Wasserbad oder in der Mikrowelle.</p>
<p style="font-weight: 400">2 Portionen ÃƒÂ  175 g (2 Personen)</p>
<p style="font-weight: 400">Entweder Nettogewicht 350g</p>
<p>Preis pro kg: 39,71 €</p>
<p style="font-weight: 400"><strong>Aufbewahrung:</strong> zwischen 0 °C und 4 °C – Lagerung nach dem Öffnen: 1 Tag zwischen 0 °C und 4 °C</p>
<p style="font-weight: 400"><strong>Zutaten: </strong>Kartoffeln 68%, Wasser, kulinarische Zubereitung auf Basis von nativem Olivenöl extra, aromatisiert mit schwarzem Trüffel 7,5%, Olivenöl, Kartoffelflocken 5,1% (Kartoffeln, Emulgator: Monostearin, Gewürze), Sommertrüffelstückchen 2%, Sommertrüffelsaft (Tuber aestivum), Salz, weißer Pfeffer, Kurkuma,</p>
<p style="font-weight: 400"><strong>Kann Spuren von Gluten, Milch, Ei, Fisch, Krustentieren, Weichtieren, Sellerie, Soja, Senf, Schalenfrüchten, Sesam und Erdnüssen enthalten.</strong></p>
<p style="font-weight: 400">
